{"id":71,"date":"2020-09-04T19:42:21","date_gmt":"2020-09-04T17:42:21","guid":{"rendered":"https:\/\/avd.vosp.cz\/?page_id=71"},"modified":"2024-04-22T19:54:13","modified_gmt":"2024-04-22T17:54:13","slug":"tutorialy","status":"publish","type":"page","link":"https:\/\/avd.vosp.cz\/?page_id=71","title":{"rendered":"Manu\u00e1ly a tutori\u00e1ly"},"content":{"rendered":"\n<p><a rel=\"noreferrer noopener\" href=\"https:\/\/drive.google.com\/file\/d\/0B3WsaxVQy5bSQy13eHVKYnl3ejQ\/view?resourcekey=0-cURmfuMfEMdyg-U5rStR1g\" target=\"_blank\">Manu\u00e1l &#8211; Zoom H1<\/a><\/p>\n\n\n\n<p><a rel=\"noreferrer noopener\" href=\"https:\/\/drive.google.com\/file\/d\/0B3WsaxVQy5bSMjFacDVFamtCVGc\/view?usp=share_link&amp;resourcekey=0-7G9ifnEDWWNAFTKr7o8Svg\" target=\"_blank\">Zoom H1 &#8211; manu\u00e1l od v\u00fdrobce<\/a><\/p>\n\n\n\n<div class=\"wp-block-buttons is-layout-flex wp-block-buttons-is-layout-flex\">\n<div class=\"wp-block-button\"><a class=\"wp-block-button__link\" href=\"https:\/\/drive.google.com\/file\/d\/1AxmbZ33TO4x5CLJ9-vZJCagez-ER1uvV\/view?usp=sharing\" target=\"_blank\" rel=\"noreferrer noopener\">Jak vyplnit hl\u00e1\u0161en\u00ed o hudb\u011b na Hudebn\u00ed bance<\/a><\/div>\n<\/div>\n\n\n\n<p><strong>Vlo\u017een\u00ed adresy do adresn\u00edho \u0159\u00e1dku Pr\u016fzkumn\u00edku Windows<\/strong><\/p>\n\n\n\n<figure class=\"wp-block-image size-large\"><img loading=\"lazy\" decoding=\"async\" width=\"794\" height=\"476\" src=\"https:\/\/avd.vosp.cz\/wp-content\/uploads\/2023\/05\/adresni_radek.jpg\" alt=\"\" class=\"wp-image-410\" srcset=\"https:\/\/avd.vosp.cz\/wp-content\/uploads\/2023\/05\/adresni_radek.jpg 794w, https:\/\/avd.vosp.cz\/wp-content\/uploads\/2023\/05\/adresni_radek-300x180.jpg 300w, https:\/\/avd.vosp.cz\/wp-content\/uploads\/2023\/05\/adresni_radek-768x460.jpg 768w\" sizes=\"auto, (max-width: 794px) 100vw, 794px\" \/><\/figure>\n","protected":false},"excerpt":{"rendered":"<p>Manu\u00e1l &#8211; Zoom H1 Zoom H1 &#8211; manu\u00e1l od v\u00fdrobce Vlo\u017een\u00ed adresy do adresn\u00edho \u0159\u00e1dku Pr\u016fzkumn\u00edku Windows<\/p>\n","protected":false},"author":3,"featured_media":0,"parent":383,"menu_order":0,"comment_status":"closed","ping_status":"closed","template":"","meta":{"ngg_post_thumbnail":0,"footnotes":""},"class_list":["post-71","page","type-page","status-publish"],"_links":{"self":[{"href":"https:\/\/avd.vosp.cz\/index.php?rest_route=\/wp\/v2\/pages\/71","targetHints":{"allow":["GET"]}}],"collection":[{"href":"https:\/\/avd.vosp.cz\/index.php?rest_route=\/wp\/v2\/pages"}],"about":[{"href":"https:\/\/avd.vosp.cz\/index.php?rest_route=\/wp\/v2\/types\/page"}],"author":[{"embeddable":true,"href":"https:\/\/avd.vosp.cz\/index.php?rest_route=\/wp\/v2\/users\/3"}],"replies":[{"embeddable":true,"href":"https:\/\/avd.vosp.cz\/index.php?rest_route=%2Fwp%2Fv2%2Fcomments&post=71"}],"version-history":[{"count":7,"href":"https:\/\/avd.vosp.cz\/index.php?rest_route=\/wp\/v2\/pages\/71\/revisions"}],"predecessor-version":[{"id":421,"href":"https:\/\/avd.vosp.cz\/index.php?rest_route=\/wp\/v2\/pages\/71\/revisions\/421"}],"up":[{"embeddable":true,"href":"https:\/\/avd.vosp.cz\/index.php?rest_route=\/wp\/v2\/pages\/383"}],"wp:attachment":[{"href":"https:\/\/avd.vosp.cz\/index.php?rest_route=%2Fwp%2Fv2%2Fmedia&parent=71"}],"curies":[{"name":"wp","href":"https:\/\/api.w.org\/{rel}","templated":true}]}}