{"id":12,"date":"2019-11-08T11:49:23","date_gmt":"2019-11-08T10:49:23","guid":{"rendered":"https:\/\/avd.vosp.cz\/?page_id=12"},"modified":"2024-02-07T11:44:58","modified_gmt":"2024-02-07T10:44:58","slug":"kontakt","status":"publish","type":"page","link":"https:\/\/avd.vosp.cz\/?page_id=12","title":{"rendered":"Kontakt"},"content":{"rendered":"<p>Vedouc\u00edm AVD Centra (kabinet 211) je Krist\u00fdna Frymlov\u00e1. Zastupuje ji Petr M\u00e1\u0161a, Luk\u00e1\u0161 Panoch a Hor\u00e1c Be\u010dka.<\/p>\n<p>Objedn\u00e1vat techniku lze v\u00fdhradn\u011b p\u0159es odkazy zde a na Moodle (evosp.cz)<\/p>\n","protected":false},"excerpt":{"rendered":"<p>Vedouc\u00edm AVD Centra (kabinet 211) je Krist\u00fdna Frymlov\u00e1. Zastupuje ji Petr M\u00e1\u0161a, Luk\u00e1\u0161 Panoch a Hor\u00e1c Be\u010dka. Objedn\u00e1vat techniku lze v\u00fdhradn\u011b p\u0159es odkazy zde a na Moodle (evosp.cz)<\/p>\n","protected":false},"author":2,"featured_media":0,"parent":0,"menu_order":0,"comment_status":"closed","ping_status":"closed","template":"","meta":{"ngg_post_thumbnail":0,"footnotes":""},"class_list":["post-12","page","type-page","status-publish"],"_links":{"self":[{"href":"https:\/\/avd.vosp.cz\/index.php?rest_route=\/wp\/v2\/pages\/12","targetHints":{"allow":["GET"]}}],"collection":[{"href":"https:\/\/avd.vosp.cz\/index.php?rest_route=\/wp\/v2\/pages"}],"about":[{"href":"https:\/\/avd.vosp.cz\/index.php?rest_route=\/wp\/v2\/types\/page"}],"author":[{"embeddable":true,"href":"https:\/\/avd.vosp.cz\/index.php?rest_route=\/wp\/v2\/users\/2"}],"replies":[{"embeddable":true,"href":"https:\/\/avd.vosp.cz\/index.php?rest_route=%2Fwp%2Fv2%2Fcomments&post=12"}],"version-history":[{"count":5,"href":"https:\/\/avd.vosp.cz\/index.php?rest_route=\/wp\/v2\/pages\/12\/revisions"}],"predecessor-version":[{"id":416,"href":"https:\/\/avd.vosp.cz\/index.php?rest_route=\/wp\/v2\/pages\/12\/revisions\/416"}],"wp:attachment":[{"href":"https:\/\/avd.vosp.cz\/index.php?rest_route=%2Fwp%2Fv2%2Fmedia&parent=12"}],"curies":[{"name":"wp","href":"https:\/\/api.w.org\/{rel}","templated":true}]}}