{"id":10,"date":"2019-11-08T11:49:23","date_gmt":"2019-11-08T10:49:23","guid":{"rendered":"https:\/\/avd.vosp.cz\/?page_id=10"},"modified":"2021-09-06T14:19:41","modified_gmt":"2021-09-06T12:19:41","slug":"domu","status":"publish","type":"page","link":"https:\/\/avd.vosp.cz\/","title":{"rendered":"Dom\u016f"},"content":{"rendered":"<h1>V\u00edtejte na webu AVD centra VO\u0160P.<\/h1>\n<p>Zde naleznete katalog techniky, rezervace techniky a spoustu u\u017eite\u010dn\u00fdch manu\u00e1l\u016f a tutori\u00e1l\u016f v\u010detn\u011b produk\u010dn\u00edch dokument\u016f ke sta\u017een\u00ed.<\/p>\n<p>mo\u017en\u00e1 hled\u00e1te <strong><a href=\"https:\/\/avd.vosp.cz\/?page_id=153\">REZERVACE TECHNIKY<\/a><\/strong> ?<\/p>\n<p>Str\u00e1nky jsou zat\u00edm ve v\u00fdrob\u011b &#8211; toto je public beta.<\/p>\n\n\n<p><\/p>\n","protected":false},"excerpt":{"rendered":"<p>V\u00edtejte na webu AVD centra VO\u0160P. Zde naleznete katalog techniky, rezervace techniky a spoustu u\u017eite\u010dn\u00fdch manu\u00e1l\u016f a tutori\u00e1l\u016f v\u010detn\u011b produk\u010dn\u00edch dokument\u016f ke sta\u017een\u00ed. mo\u017en\u00e1 hled\u00e1te REZERVACE TECHNIKY ? Str\u00e1nky jsou zat\u00edm ve v\u00fdrob\u011b &#8211; toto je public beta.<\/p>\n","protected":false},"author":2,"featured_media":0,"parent":0,"menu_order":0,"comment_status":"closed","ping_status":"closed","template":"","meta":{"ngg_post_thumbnail":0,"footnotes":""},"class_list":["post-10","page","type-page","status-publish"],"_links":{"self":[{"href":"https:\/\/avd.vosp.cz\/index.php?rest_route=\/wp\/v2\/pages\/10","targetHints":{"allow":["GET"]}}],"collection":[{"href":"https:\/\/avd.vosp.cz\/index.php?rest_route=\/wp\/v2\/pages"}],"about":[{"href":"https:\/\/avd.vosp.cz\/index.php?rest_route=\/wp\/v2\/types\/page"}],"author":[{"embeddable":true,"href":"https:\/\/avd.vosp.cz\/index.php?rest_route=\/wp\/v2\/users\/2"}],"replies":[{"embeddable":true,"href":"https:\/\/avd.vosp.cz\/index.php?rest_route=%2Fwp%2Fv2%2Fcomments&post=10"}],"version-history":[{"count":14,"href":"https:\/\/avd.vosp.cz\/index.php?rest_route=\/wp\/v2\/pages\/10\/revisions"}],"predecessor-version":[{"id":297,"href":"https:\/\/avd.vosp.cz\/index.php?rest_route=\/wp\/v2\/pages\/10\/revisions\/297"}],"wp:attachment":[{"href":"https:\/\/avd.vosp.cz\/index.php?rest_route=%2Fwp%2Fv2%2Fmedia&parent=10"}],"curies":[{"name":"wp","href":"https:\/\/api.w.org\/{rel}","templated":true}]}}